37
Suppose 19*d - 17*d = -1650. Let n = 3387 + d. What are the prime factors of (-4)/10 - n/(-30)?
5, 17
Let s(b) be the third derivative of -b**4/12 + 2*b**3/3 - 4*b**2. Let d be s(-12). Let h = d - -92. List the prime factors of h.
2, 3, 5
Let a(q) = -12*q - 4. Suppose 5*n - 24 = -y, 3*n = 2*y - 1 - 21. Suppose 24 = -18*z + y*z. List the prime factors of a(z).
2, 17
Let q(b) = 10*b - 14. Let k be q(7). Let p = k - 2. What are the prime factors of p?
2, 3
What are the prime factors of (38 - 323)/(1/(-43))?
3, 5, 19, 43
Let b(s) = -96*s - 184. What are the prime factors of b(-14)?
2, 5, 29
Let r(p) = 717*p**2 + 135*p - 592. What are the prime factors of r(5)?
2, 2251
Let b = 81 + -102. What are the prime factors of 7/(-2)*(186/b - -8)?
3
Suppose 0 = -0*k + 3*k. Suppose -2258*l + 5740 = -2248*l. Suppose k = 9*y - 380 - l. List the prime factors of y.
2, 53
Let m = 38 + -35. Suppose 0 = 4*c - 3*k, c - m*k - 6 = -c. What are the prime factors of (1 + 1)*30 - (c + 4)?
59
Let x be (-2)/3*(-408)/16. Suppose 21*r - 1204 = x*r. List the prime factors of r.
7, 43
Suppose -2*x + 37256 = q, -6*q - x + 223613 = -0*q. List the prime factors of q.
2, 5, 3727
What are the prime factors of (-16725 + -1)/(6/(-129) + 2080/(-3354))?
3, 8363
Let r be 10 + 8*(-8)/8. Suppose 0 = t + 3*d - 1139, 5 = d - r*d. List the prime factors of t.
2, 577
Let y = 27843 + -13140. List the prime factors of y.
3, 13, 29
Suppose 0 = 4*a - 7*k + 8*k - 17, -5*a + 40 = -5*k. Suppose -48 + 903 = a*m. List the prime factors of m.
3, 19
Let a(c) = -c**3 + 17*c**2 + 9*c - 4. Suppose 18*p - 15*p = 24. List the prime factors of a(p).
2, 7, 23
What are the prime factors of (4089 - 0) + 0/16?
3, 29, 47
Let p = 96 - 93. Suppose 0 = -4*m - p*b + 958, -4*m + 323 + 621 = -4*b. What are the prime factors of m?
2, 7, 17
Let z be -3 + (29/(-3))/((-6)/18). Let o = z + -25. List the prime factors of (86 - (o - 3)) + 0.
2, 11
Let f(m) = -3*m**2 + 25*m - 5. Let i be f(8). Suppose 5*q = -4*c + 4665, -i*c = q - 6*q + 4630. List the prime factors of q.
929
What are the prime factors of (-6236)/(-15) - 36/(-135)?
2, 13
Suppose 2*q - 1288 = -16*r + 12*r, 1601 = 5*r + q. List the prime factors of r.
11, 29
Let k = 22 + -20. Suppose 0 = 3*p + 501 - 1353. Suppose -287 = -2*j - 3*w, -k*j + 0*w - 4*w = -p. List the prime factors of j.
2, 37
Let b(n) = -11*n + 59. Let a be b(5). Suppose 5*s = 20, a*r = -0*r + 3*s + 1908. List the prime factors of r.
2, 3, 5
Let o be 6 - -9*(-1)/3*-1. Suppose -8967 = -o*l - 12*l. What are the prime factors of l?
7, 61
Let l(t) = t**2 - 13*t + 829. Let h be l(0). Let r = h + -488. List the prime factors of r.
11, 31
Let z(j) = 2*j - 22. Let w(p) = -4*p + 21. Let m be w(2). Let v be z(m). Suppose -g + v*r = 2*g - 383, 3*g = -4*r + 391. What are the prime factors of g?
3, 43
Suppose u = -3, -3*u = 3*j + 2*u + 3. Suppose -j*m - 93 = -265. Suppose 2*q + 6 = 0, 3*q = -c - c + m. What are the prime factors of c?
2, 13
Suppose -248 = 5*m - 858. Let f be (-17)/17*88/(-4). Suppose 5*b - m + f = 0. What are the prime factors of b?
2, 5
Suppose 18*b = 5*b + 65. Suppose 846 = -5*v - 2*c + 303, v + b*c = -104. Let y = 200 + v. What are the prime factors of y?
7, 13
Suppose -3*u - 8*w + 30180 = -14*w, -5*w = 5*u - 50345. List the prime factors of u.
2, 7, 719
List the prime factors of 5*(-2)/4*(-2 - 1078326/135).
2, 3, 3329
Suppose -5 = -s - 3. Suppose -j + 4*w = -1, -s*w - 1 = -j + 2. Suppose 2*n + 3 + 5 = 0, -j*n - 122 = -3*l. List the prime factors of l.
2, 17
Suppose -11*b + 32 = 10. Suppose -4*c + b*y + 7 = -73, 0 = 5*c + 3*y - 78. List the prime factors of c.
2, 3
Let x(z) = 19*z**2 + 41*z + 47. What are the prime factors of x(24)?
5, 479
Let s(x) = 6*x**3 - 9*x**2 - 271*x + 81. List the prime factors of s(24).
3, 7, 43, 79
Suppose c - 23 = -10. Let s(i) = -2*i + 28. Let o be s(c). Suppose -o*p = -4*r + 138, -4*r + 69 = p - 54. List the prime factors of r.
2
Let f(l) = 52*l + 10. Let i(v) = v + 3 - 3 - 1. Let c(k) = -f(k) - 6*i(k). What are the prime factors of c(-2)?
2, 7
What are the prime factors of (-5)/(12 + 59595/(-4965))?
5, 331
Suppose 4*k + 30*y - 29*y - 23 = 0, -4*k + 4*y + 48 = 0. Let d(x) = 5*x**3 - 2*x**2 + 2*x + 4. What are the prime factors of d(k)?
3, 5, 109
Let t(u) = -u - 9. Let w be t(-6). Let z be 6/8 + w/(-12). List the prime factors of (z/2)/(7/(92*7)).
2, 23
Suppose -527 = 4*l + v - 96800, 0 = -4*l + 2*v + 96294. List the prime factors of l.
2, 5, 29, 83
Suppose -8*t - 1472 + 152 = 0. Let w = t + 745. What are the prime factors of w?
2, 5, 29
Suppose -16*c + 7*c = -171. Let y(k) = 75*k + 313. List the prime factors of y(c).
2, 11, 79
Suppose 0 = -5*q + 4*b + 2581 + 1949, -2*b + 4500 = 5*q. What are the prime factors of q?
2, 11, 41
Let r = 28 + -25. Suppose -3*p + 5*m = -2*p - r, 0 = -3*p - 2*m + 9. Suppose -p*u + 299 = -445. List the prime factors of u.
2, 31
Let o = 14724 + -14726. Let f be 0 + 0 + 55 + 0. Let j = o + f. What are the prime factors of j?
53
Let o(s) = 6*s**2 - 15*s - 135. List the prime factors of o(33).
2, 3, 41
Suppose -4*u = -4*x + 69948, -27*x - 4*u + 87453 = -22*x. What are the prime factors of x?
17489
Let y be -9 + 4 + 5 + 976/(-4). What are the prime factors of y*(-3)/15 - (-8)/40?
7
List the prime factors of (-75513 - 11/(55/(-40)))*6/(-15).
2, 15101
Suppose 45308*n = 45359*n - 94758. List the prime factors of n.
2, 929
Let d(l) = 2*l**3 + 3*l**2 + 6*l - 8. Suppose -3*i + 356 = 4*m - i, -m = -3*i - 103. Let q = m - 87. What are the prime factors of d(q)?
2, 3
Let y(f) = 55315*f**2 - 194*f - 198. List the prime factors of y(-1).
3, 103, 179
Let g(m) = -16*m + 60. Let z be g(42). Let c = z - -1007. List the prime factors of c.
5, 79
Suppose 0 = -2*o + 3*v - 54, -4*o - 92 = -0*v + 2*v. Suppose -2*x + 1040 = 866. Let b = o + x. What are the prime factors of b?
3, 7
Let d = 22004 + -8842. List the prime factors of d.
2, 6581
Let s(p) = p**3 - 19*p**2 + 39*p + 3. Let k be (-3404)/(-185) + 14/(-10). List the prime factors of s(k).
2, 11
Suppose -3*r - 519*z = -524*z - 51805, -4*r + 69078 = -2*z. What are the prime factors of r?
2, 5, 11, 157
Let p = 23492 - 14252. List the prime factors of p.
2, 3, 5, 7, 11
Suppose -j - 21305 = 9*w - 10*w, -85220 = -4*w - 5*j. List the prime factors of w.
5, 4261
Let b(n) = -n**3 + 3*n**2 + 2*n - 4. Let h be 1/(-3) + 50/15. Let r be b(h). Suppose w + 3*s - 5 = 0, -3*w + 7*w + r*s = 70. What are the prime factors of w?
2, 5
Suppose 0 = 18*j - 363 - 213. Suppose 29*c = j*c - 855. Suppose 4*b - c = b. List the prime factors of b.
5, 19
Let k = 2879 + 3171. List the prime factors of k.
2, 5, 11
Let l(k) = 871*k - 137. What are the prime factors of l(6)?
7, 727
What are the prime factors of (-6 - 15) + 18 - -15919?
2, 23, 173
Let w(l) = l**3 - l**2 + l - 2. Let x be w(0). List the prime factors of ((-16)/4 + -5)*42/x.
3, 7
What are the prime factors of 7406 + 0 - (20 - 13)?
7, 151
Let a = -17 + 18. Let t = a - 2. What are the prime factors of 38/(-7)*7*t?
2, 19
Let k be 48/(-8) - 1*2. Let w(x) = 7*x - 16 + x**2 - 11*x + 9*x. List the prime factors of w(k).
2
Suppose -3*p + 25 = -17. Suppose 10 - p = -n. Suppose 5*s = n*d + 1069, -458 = -3*s + 5*d + 186. What are the prime factors of s?
3, 71
Let v(s) = 11*s - 6. Let u = -50 + 44. Let o be v(u). List the prime factors of 2667/27 + (-16)/o.
3, 11
Let t(z) = z**2 + 336*z + 6623. List the prime factors of t(0).
37, 179
Let h = 34793 + -15929. List the prime factors of h.
2, 3, 131
Let h(l) = 32 + 12 + 2*l + 9. Let b(o) = 3*o - 3. Let m be b(-4). List the prime factors of h(m).
23
Suppose -96 = 4*g - 120, 0 = -n - 3*g + 4118. What are the prime factors of n?
2, 5, 41
Let d = -58 + 59. Let c be ((-82)/6)/(d/(-3)*1). Suppose -2*f + c + 189 = 0. List the prime factors of f.
5, 23
Suppose 43*m = 39*m + 25308. Suppose 13*j + m = 22*j. What are the prime factors of j?
19, 37
Suppose 0 = -r - q - 39, -q = 5*r + 3*q + 199. Let s = 107 + r. Suppose s = 4*x - 56. What are the prime factors of x?
2, 3, 5
Suppose 0 = 382*m - 202*m + 409496 - 1484996. List the prime factors of m.
5, 239
Let c(z) = -z**3 - 7*z**2 - 12*z - 44. Let u be c(-5). What are the prime factors of ((-4500)/70)/(u/28 - -1)?
2, 3, 5
Suppose 593 = i - 8*h + 6*h, -4*h + 2336 = 4*i. Let y = i + -97. List the prime 